 + 57. What is the remainder when 94 is divided by c?
10
Let s(m) = 2. Let c(a) = a**2 - 26*a + 33. Let f(i) = c(i) + s(i). What is the remainder when 103 is divided by f(26)?
33
Let x be 21/(-28) - (-10)/(-8) - -18. Suppose 2*f = -x + 20. Suppose -f*p = -35 - 99. Calculate the remainder when p is divided by 35.
32
Suppose -6*v - 20*v + 3068 = 0. Suppose -2*l = -0*f - 5*f + 251, 2*f = 5*l + 575. Let s = v + l. What is the remainder when 17 is divided by s?
2
Let z = -529 + 439. Let a = 104 + z. What is the remainder when a is divided by 3?
2
Let h(q) = 4*q**2 - 320*q - 299. Calculate the remainder when 2795 is divided by h(81).
20
Let g(z) = -z**3 - 2*z**2 - 4*z - 2. Suppose 27*i - 118*i + 11669 = -252. What is the remainder when i is divided by g(-3)?
17
Let b be 10/6*-6 + 6. Suppose 3*y - 191 + 44 = 0. What is the remainder when y is divided by b/3*147/(-14)?
7
Calculate the remainder when 509 is divided by 6 + -10 + -3 + 71.
61
Let z(h) = h**3 - 9*h**2 + 9*h + 6. Let w = 540 - 532. What is the remainder when 111 is divided by z(w)?
13
Let k(o) = o**2 + 8*o + 10. Let x be k(-7). Suppose 4*l = -3*z + 100 + 365, -x*z + 450 = -l. What is the remainder when z is divided by 39?
34
Suppose -3*y + 984 = -4*c, -4*c + 26 = y - 286. Suppose 0 = -2*z + 2, -5*d + 2*z - 3 = -21. What is the remainder when 4*(1791/y - 2/(-9)) is divided by d?
3
Let c(n) = 2*n**3 - 78*n**2 + 90*n - 75. Calculate the remainder when c(38) is divided by 9.
7
What is the remainder when (299/104)/(10/6640) is divided by 7?
5
Suppose g + 124 - 221 = 0. Suppose 92*t - g*t + 710 = 0. Calculate the remainder when t is divided by 65.
12
Suppose -4*u = 4*d - 172, 172 = 4*d - 43*u + 40*u. What is the remainder when 1976 is divided by d?
41
Let r = -16 - -41. Suppose -7*y + 12*y = r. Suppose -19 = -3*o + y*l, -o = 4*l - 2*l - 10. Calculate the remainder when 10 is divided by o.
2
What is the remainder when 18984/26 - ((-4)/(-10))/(39/15) is divided by 11?
4
Let m(j) = 7*j**2 - 2. Let t be m(1). Suppose -9 = -3*x, t*q - 3*x = 287 - 56. Calculate the remainder when q is divided by 17.
14
Suppose -11 + 5 = -p - 3*k, -2*k + 4 = 0. Suppose 2*m + 3*m = -5*x - 495, p = -m + x - 97. Let s = m - -104. What is the remainder when 21 is divided by s?
3
Let t(d) = 7*d - 186. Let s be t(27). Let k(p) = -3*p + 24. Calculate the remainder when 131 is divided by k(s).
11
Let k = -3 + 5. Suppose -5262 = -z - 118. Suppose z = 5*y + 5114. What is the remainder when y is divided by k?
0
Let h = 268 + -443. Let s = 198 + h. Calculate the remainder when s is divided by 6.
5
What is the remainder when 2908 is divided by 17836/147*6/4?
178
Let a(s) = s**3 + 5*s**2 - 8*s - 36. Let r be a(-5). Suppose 2*o + 15 = l - 6, 2*l = 5*o + 43. Calculate the remainder when (2 - 3)*94/(-5 + r) is divided by l.
18
Let k(n) = 2*n**3 - 7*n**2 + 3*n - 9. Suppose 3*b = -j + 36, b - j - 28 + 24 = 0. Calculate the remainder when k(6) is divided by b.
9
Let g(y) = y**3 + 29*y**2 + 11*y - 526. What is the remainder when g(-24) is divided by 17?
16
Let h = 31 + -14. Let u(v) be the first derivative of 17*v**3/3 - 7*v**2 + 26*v + 68. Calculate the remainder when u(2) is divided by h.
15
Suppose -2*d + 5*p + 274 = 0, 4*p = 10*d - 7*d - 411. Let q = 399 - d. What is the remainder when q is divided by 53?
50
Let l = -3451 + 20459. Calculate the remainder when l is divided by 45.
43
Suppose -53*v = -j - 49*v + 8, -12 = -3*v. Let n = 6 - -1. Calculate the remainder when j is divided by n.
3
Suppose 4625 = l + 4*l. Let q(o) = o**3 + 4*o**2 + 11*o + 60. Calculate the remainder when l is divided by q(-4).
13
Suppose -5*s = 5*y - y - 847, 3*s - 224 = -y. Calculate the remainder when y is divided by 69.
65
Let d = -60792 - -60918. Let p = 2 + 1. Calculate the remainder when d is divided by p.
0
Let a(p) = 10*p**3 - 10*p**2 - 2*p + 25. What is the remainder when a(8) is divided by 31?
25
Let h = 19 + -8. What is the remainder when 1902 is divided by h?
10
Suppose -4*p = 4*r - 800, -p - 3*r + r + 206 = 0. Calculate the remainder when 395 is divided by p.
7
Suppose 9*w - 2439 = -0*w. Let v = 294 - w. Suppose -3*l + 36 = -156. What is the remainder when l is divided by v?
18
Let s be -5 - -10*1/2. Let v(h) = -h**2 - 3*h + 56. Calculate the remainder when 96 is divided by v(s).
40
Let s(a) = 2*a**2 + 33*a + 21. Let u be s(-13). Calculate the remainder when 169 is divided by u*8/(-64)*4.
29
Let y(c) = 3*c**2 - 164*c + 1016. What is the remainder when y(49) is divided by 62?
59
Suppose -3*y + 15 = 14*s - 15*s, -2*y - 3*s + 10 = 0. Suppose 16 = 3*a + y*x - 72, 4*x = -4*a + 104. What is the remainder when 271 is divided by a?
19
Calculate the remainder when 1302 + -19 + -4 + 4 is divided by 338.
269
Suppose 5*n - 115 = 5*g, g + 2*g - 123 = -5*n. Calculate the remainder when (-9 - -13) + 747 - 9 is divided by n.
22
Let z(x) = -3*x**2 + 87*x - 34. Let m be z(28). Suppose 801 = -m*w + 59*w. What is the remainder when w is divided by 15?
14
Let u = 254 + -252. Let a be (2 + 13)*2/(-3). Calculate the remainder when (-4)/a + 114/15 is divided by u.
0
Let t = -257 + 260. What is the remainder when (8/6)/(22/429) is divided by t?
2
Suppose -22 = 2*o - 30. What is the remainder when o/(-6) - 1*524/(-12) is divided by 25?
18
Suppose 38*p = 42*p + 20, 5*p = 3*f + 5231. What is the remainder when (112/(-24))/(16/f) is divided by 64?
63
Calculate the remainder when (((-122626)/(-42) + 13)*(-3 - 0))/(-2) is divided by 44.
43
Suppose 5*t + 18 = 4*u, 5*t = u - 0*t - 12. Let m(h) = 2*h**3 - h**2 - 3*h. Calculate the remainder when 15 is divided by m(u).
3
Suppose 18*k = 20*k - 18*j - 42, 0 = 3*k - 5*j - 85. Calculate the remainder when 119 is divided by k.
29
Let f = 3 + 4. Let p(k) be the third derivative of -k**4/12 + 5*k**3 - 21*k**2. What is the remainder when 61 is divided by p(f)?
13
Let c be (20016/(-15))/3 + 24/30. What is the remainder when 13/((-13)/c)*7/14 is divided by 56?
54
Suppose -312 = -11*v + 271. What is the remainder when v is divided by 42?
11
Let s = -1160 + 1366. Calculate the remainder when 838 is divided by s.
14
Suppose 25*u - 89*u = -14912. What is the remainder when u is divided by 51?
29
Let c(l) = -l**3 - 3*l**2 - l + 2. Let b be c(-3). Let s(w) = 10*w + 40. Let x be s(b). Suppose -2*p = 8*p - x. What is the remainder when 9 is divided by p?
0
Let q(y) = -160*y - 152. Calculate the remainder when q(-6) is divided by 45.
43
Let g = 917 - 493. Calculate the remainder when g is divided by 32.
8
Suppose -2*l = l + 18. What is the remainder when ((-2)/4)/(l/276) is divided by 3*25/45*-3 - -18?
10
Let k = 600 + -366. Suppose 11*x + 2*x = k. Calculate the remainder when 45 is divided by x.
9
What is the remainder when 5633 is divided by 3 - -4 - (56 - 169)?
113
Calculate the remainder when ((-154)/(-28))/(3/1182) is divided by 4.
3
Suppose 8*l = 6*l + 30. Let s = 32 - l. Suppose -2*h + 5*o + 48 = s, o = -5. Calculate the remainder when 9 is divided by h.
0
Let t(s) = -s**3 + 2*s**2 + 2*s + 7. Let q(u) be the first derivative of -u**3/3 - 7*u**2/2 + 6*u - 25. Calculate the remainder when q(-6) is divided by t(3).
0
Suppose d + 5*n - 26 = -0*d, 10 = d - 3*n. Let y(u) = 64*u**2 + 20. Let i be y(4). Suppose -i = -0*a - 18*a. Calculate the remainder when a is divided by d.
10
Let c be (-76)/(-114)*303/2. Suppose -5*r + 219 = -c. Calculate the remainder when r is divided by 13.
12
Suppose -5*s = -0*s - 35. Suppose 0 = s*v + 27 - 69. Calculate the remainder when 57 is divided by 51/v - (-3)/2.
7
Let p = -779 - -3121. What is the remainder when p is divided by 138?
134
Suppose -31*l - 18036 = -4*l. Let p = l + 730. What is the remainder when p is divided by 8?
6
Suppose -2*v + 28 + 53 = 9. What is the remainder when v is divided by 24?
12
Suppose -4*w - o + 499 = 0, -o + 247 = 2*w + 2*o. What is the remainder when w is divided by (6/(-19))/((-2478)/70623)?
8
Suppose -12*u = 18*u. Suppose u = -16*m - 801 + 4913. Calculate the remainder when m is divided by 52.
49
Let l = -863 - -764. Let z = 134 + l. What is the remainder when 134 is divided by z?
29
Calculate the remainder when 529 is divided by (-5)/((-10 - (-3745)/371)/(-1)).
52
Suppose 90*q + 9 = 93*q. Suppose 39 + 35 = q*a - 2*s, 2*a + 3*s = 71. Calculate the remainder when 49 is divided by a.
2